{"id":2876,"date":"2017-12-29T11:07:15","date_gmt":"2017-12-29T10:07:15","guid":{"rendered":"http:\/\/foto.amu.cz\/archiv\/wp-content\/uploads\/2017\/12\/Vere\u0161pej-expon\u00e1t-3.jpg"},"modified":"2017-12-29T11:10:26","modified_gmt":"2017-12-29T10:10:26","slug":"verespej-exponat-3","status":"inherit","type":"attachment","link":"https:\/\/photography.famu.cz\/archiv\/?attachment_id=2876","title":{"rendered":"Vere\u0161pej expon\u00e1t 3"},"author":1,"comment_status":"closed","ping_status":"closed","template":"","meta":[],"description":{"rendered":"<p class=\"attachment\"><a href='https:\/\/photography.famu.cz\/archiv\/wp-content\/uploads\/2017\/12\/Vere\u0161pej-expon\u00e1t-3.jpg'><img loading=\"lazy\" decoding=\"async\" width=\"300\" height=\"200\" src=\"https:\/\/photography.famu.cz\/archiv\/wp-content\/uploads\/2017\/12\/Vere\u0161pej-expon\u00e1t-3-300x200.jpg\" class=\"attachment-medium size-medium\" alt=\"\" srcset=\"https:\/\/photography.famu.cz\/archiv\/wp-content\/uploads\/2017\/12\/Vere\u0161pej-expon\u00e1t-3-300x200.jpg 300w, https:\/\/photography.famu.cz\/archiv\/wp-content\/uploads\/2017\/12\/Vere\u0161pej-expon\u00e1t-3-845x563.jpg 845w, https:\/\/photography.famu.cz\/archiv\/wp-content\/uploads\/2017\/12\/Vere\u0161pej-expon\u00e1t-3.jpg 1400w\" sizes=\"(max-width: 300px) 100vw, 300px\" \/><\/a><\/p>\n"},"caption":{"rendered":"<p>Vere\u0161pej expon\u00e1t 3<\/p>\n"},"alt_text":"","media_type":"image","mime_type":"image\/jpeg","media_details":{"width":1400,"height":933,"file":"2017\/12\/Vere\u0161pej-expon\u00e1t-3.jpg","sizes":{"thumbnail":{"file":"Vere\u0161pej-expon\u00e1t-3-150x150.jpg","width":150,"height":150,"mime_type":"image\/jpeg","source_url":"https:\/\/photography.famu.cz\/archiv\/wp-content\/uploads\/2017\/12\/Vere\u0161pej-expon\u00e1t-3-150x150.jpg"},"medium":{"file":"Vere\u0161pej-expon\u00e1t-3-300x200.jpg","width":300,"height":200,"mime_type":"image\/jpeg","source_url":"https:\/\/photography.famu.cz\/archiv\/wp-content\/uploads\/2017\/12\/Vere\u0161pej-expon\u00e1t-3-300x200.jpg"},"large":{"file":"Vere\u0161pej-expon\u00e1t-3-845x563.jpg","width":845,"height":563,"mime_type":"image\/jpeg","source_url":"https:\/\/photography.famu.cz\/archiv\/wp-content\/uploads\/2017\/12\/Vere\u0161pej-expon\u00e1t-3-845x563.jpg"},"post-thumbnail":{"file":"Vere\u0161pej-expon\u00e1t-3-825x510.jpg","width":825,"height":510,"mime_type":"image\/jpeg","source_url":"https:\/\/photography.famu.cz\/archiv\/wp-content\/uploads\/2017\/12\/Vere\u0161pej-expon\u00e1t-3-825x510.jpg"},"full":{"file":"Vere\u0161pej-expon\u00e1t-3.jpg","width":1400,"height":933,"mime_type":"image\/jpeg","source_url":"https:\/\/photography.famu.cz\/archiv\/wp-content\/uploads\/2017\/12\/Vere\u0161pej-expon\u00e1t-3.jpg"}},"image_meta":{"aperture":11,"credit":"","camera":"Canon EOS 5D Mark III","caption":"","created_timestamp":1489472570,"copyright":"","focal_length":"68","iso":"100","shutter_speed":"1.3","title":"","orientation":1}},"post":2851,"source_url":"https:\/\/photography.famu.cz\/archiv\/wp-content\/uploads\/2017\/12\/Vere\u0161pej-expon\u00e1t-3.jpg","_links":{"self":[{"href":"https:\/\/photography.famu.cz\/archiv\/index.php?rest_route=\/wp\/v2\/media\/2876"}],"collection":[{"href":"https:\/\/photography.famu.cz\/archiv\/index.php?rest_route=\/wp\/v2\/media"}],"about":[{"href":"https:\/\/photography.famu.cz\/archiv\/index.php?rest_route=\/wp\/v2\/types\/attachment"}],"author":[{"embeddable":true,"href":"https:\/\/photography.famu.cz\/archiv\/index.php?rest_route=\/wp\/v2\/users\/1"}],"replies":[{"embeddable":true,"href":"https:\/\/photography.famu.cz\/archiv\/index.php?rest_route=%2Fwp%2Fv2%2Fcomments&post=2876"}]}}

http://foto.amu.cz/archiv/wp-content/uploads/2017/12/Verešpej-exponát-3.jpg

Verešpej exponát 3

<p class="attachment"><a href='https://photography.famu.cz/archiv/wp-content/uploads/2017/12/Verešpej-exponát-3.jpg'><img loading="lazy" decoding="async" width="300" height="200" src="https://photography.famu.cz/archiv/wp-content/uploads/2017/12/Verešpej-exponát-3-300x200.jpg" class="attachment-medium size-medium" alt="" srcset="https://photography.famu.cz/archiv/wp-content/uploads/2017/12/Verešpej-exponát-3-300x200.jpg 300w, https://photography.famu.cz/archiv/wp-content/uploads/2017/12/Verešpej-exponát-3-845x563.jpg 845w, https://photography.famu.cz/archiv/wp-content/uploads/2017/12/Verešpej-exponát-3.jpg 1400w" sizes="(max-width: 300px) 100vw, 300px" /></a></p>

<p>Verešpej exponát 3</p>

2017/12/Verešpej-exponát-3.jpg

Verešpej-exponát-3-150x150.jpg

https://photography.famu.cz/archiv/wp-content/uploads/2017/12/Verešpej-exponát-3-150x150.jpg

Verešpej-exponát-3-300x200.jpg

https://photography.famu.cz/archiv/wp-content/uploads/2017/12/Verešpej-exponát-3-300x200.jpg

Verešpej-exponát-3-845x563.jpg

https://photography.famu.cz/archiv/wp-content/uploads/2017/12/Verešpej-exponát-3-845x563.jpg

Verešpej-exponát-3-825x510.jpg

https://photography.famu.cz/archiv/wp-content/uploads/2017/12/Verešpej-exponát-3-825x510.jpg

Verešpej-exponát-3.jpg

https://photography.famu.cz/archiv/wp-content/uploads/2017/12/Verešpej-exponát-3.jpg
