{"id":2994,"date":"2018-01-31T23:13:07","date_gmt":"2018-01-31T22:13:07","guid":{"rendered":"http:\/\/foto.amu.cz\/archiv\/wp-content\/uploads\/2018\/01\/Gershkovich_dokumentace_v\u00fdstavy1.jpg"},"modified":"2018-01-31T23:13:07","modified_gmt":"2018-01-31T22:13:07","slug":"gershkovich_dokumentace_vystavy1","status":"inherit","type":"attachment","link":"https:\/\/photography.famu.cz\/archiv\/?attachment_id=2994","title":{"rendered":"Gershkovich_dokumentace_v\u00fdstavy[1]"},"author":1,"comment_status":"closed","ping_status":"closed","template":"","meta":[],"description":{"rendered":"<p class=\"attachment\"><a href='https:\/\/photography.famu.cz\/archiv\/wp-content\/uploads\/2018\/01\/Gershkovich_dokumentace_v\u00fdstavy1.jpg'><img loading=\"lazy\" decoding=\"async\" width=\"300\" height=\"200\" src=\"https:\/\/photography.famu.cz\/archiv\/wp-content\/uploads\/2018\/01\/Gershkovich_dokumentace_v\u00fdstavy1-300x200.jpg\" class=\"attachment-medium size-medium\" alt=\"\" srcset=\"https:\/\/photography.famu.cz\/archiv\/wp-content\/uploads\/2018\/01\/Gershkovich_dokumentace_v\u00fdstavy1-300x200.jpg 300w, https:\/\/photography.famu.cz\/archiv\/wp-content\/uploads\/2018\/01\/Gershkovich_dokumentace_v\u00fdstavy1-845x563.jpg 845w, https:\/\/photography.famu.cz\/archiv\/wp-content\/uploads\/2018\/01\/Gershkovich_dokumentace_v\u00fdstavy1.jpg 1500w\" sizes=\"(max-width: 300px) 100vw, 300px\" \/><\/a><\/p>\n"},"caption":{"rendered":""},"alt_text":"","media_type":"image","mime_type":"image\/jpeg","media_details":{"width":1500,"height":1000,"file":"2018\/01\/Gershkovich_dokumentace_v\u00fdstavy1.jpg","sizes":{"thumbnail":{"file":"Gershkovich_dokumentace_v\u00fdstavy1-150x150.jpg","width":150,"height":150,"mime_type":"image\/jpeg","source_url":"https:\/\/photography.famu.cz\/archiv\/wp-content\/uploads\/2018\/01\/Gershkovich_dokumentace_v\u00fdstavy1-150x150.jpg"},"medium":{"file":"Gershkovich_dokumentace_v\u00fdstavy1-300x200.jpg","width":300,"height":200,"mime_type":"image\/jpeg","source_url":"https:\/\/photography.famu.cz\/archiv\/wp-content\/uploads\/2018\/01\/Gershkovich_dokumentace_v\u00fdstavy1-300x200.jpg"},"large":{"file":"Gershkovich_dokumentace_v\u00fdstavy1-845x563.jpg","width":845,"height":563,"mime_type":"image\/jpeg","source_url":"https:\/\/photography.famu.cz\/archiv\/wp-content\/uploads\/2018\/01\/Gershkovich_dokumentace_v\u00fdstavy1-845x563.jpg"},"post-thumbnail":{"file":"Gershkovich_dokumentace_v\u00fdstavy1-825x510.jpg","width":825,"height":510,"mime_type":"image\/jpeg","source_url":"https:\/\/photography.famu.cz\/archiv\/wp-content\/uploads\/2018\/01\/Gershkovich_dokumentace_v\u00fdstavy1-825x510.jpg"},"full":{"file":"Gershkovich_dokumentace_v\u00fdstavy1.jpg","width":1500,"height":1000,"mime_type":"image\/jpeg","source_url":"https:\/\/photography.famu.cz\/archiv\/wp-content\/uploads\/2018\/01\/Gershkovich_dokumentace_v\u00fdstavy1.jpg"}},"image_meta":{"aperture":0,"credit":"C\u00fcneyt R\u0131za \u00c7elik","camera":"","caption":"","created_timestamp":0,"copyright":"","focal_length":0,"iso":0,"shutter_speed":0,"title":"","orientation":1}},"post":2993,"source_url":"https:\/\/photography.famu.cz\/archiv\/wp-content\/uploads\/2018\/01\/Gershkovich_dokumentace_v\u00fdstavy1.jpg","_links":{"self":[{"href":"https:\/\/photography.famu.cz\/archiv\/index.php?rest_route=\/wp\/v2\/media\/2994"}],"collection":[{"href":"https:\/\/photography.famu.cz\/archiv\/index.php?rest_route=\/wp\/v2\/media"}],"about":[{"href":"https:\/\/photography.famu.cz\/archiv\/index.php?rest_route=\/wp\/v2\/types\/attachment"}],"author":[{"embeddable":true,"href":"https:\/\/photography.famu.cz\/archiv\/index.php?rest_route=\/wp\/v2\/users\/1"}],"replies":[{"embeddable":true,"href":"https:\/\/photography.famu.cz\/archiv\/index.php?rest_route=%2Fwp%2Fv2%2Fcomments&post=2994"}]}}

http://foto.amu.cz/archiv/wp-content/uploads/2018/01/Gershkovich_dokumentace_výstavy1.jpg

Gershkovich_dokumentace_výstavy[1]

<p class="attachment"><a href='https://photography.famu.cz/archiv/wp-content/uploads/2018/01/Gershkovich_dokumentace_výstavy1.jpg'><img loading="lazy" decoding="async" width="300" height="200" src="https://photography.famu.cz/archiv/wp-content/uploads/2018/01/Gershkovich_dokumentace_výstavy1-300x200.jpg" class="attachment-medium size-medium" alt="" srcset="https://photography.famu.cz/archiv/wp-content/uploads/2018/01/Gershkovich_dokumentace_výstavy1-300x200.jpg 300w, https://photography.famu.cz/archiv/wp-content/uploads/2018/01/Gershkovich_dokumentace_výstavy1-845x563.jpg 845w, https://photography.famu.cz/archiv/wp-content/uploads/2018/01/Gershkovich_dokumentace_výstavy1.jpg 1500w" sizes="(max-width: 300px) 100vw, 300px" /></a></p>

2018/01/Gershkovich_dokumentace_výstavy1.jpg

Gershkovich_dokumentace_výstavy1-150x150.jpg

https://photography.famu.cz/archiv/wp-content/uploads/2018/01/Gershkovich_dokumentace_výstavy1-150x150.jpg

Gershkovich_dokumentace_výstavy1-300x200.jpg

https://photography.famu.cz/archiv/wp-content/uploads/2018/01/Gershkovich_dokumentace_výstavy1-300x200.jpg

Gershkovich_dokumentace_výstavy1-845x563.jpg

https://photography.famu.cz/archiv/wp-content/uploads/2018/01/Gershkovich_dokumentace_výstavy1-845x563.jpg

Gershkovich_dokumentace_výstavy1-825x510.jpg

https://photography.famu.cz/archiv/wp-content/uploads/2018/01/Gershkovich_dokumentace_výstavy1-825x510.jpg

Gershkovich_dokumentace_výstavy1.jpg

https://photography.famu.cz/archiv/wp-content/uploads/2018/01/Gershkovich_dokumentace_výstavy1.jpg

Cüneyt Rıza Çelik
