{"id":3238,"date":"2019-08-22T17:14:22","date_gmt":"2019-08-22T16:14:22","guid":{"rendered":"http:\/\/foto.amu.cz\/archiv\/wp-content\/uploads\/2019\/08\/uk\u00e1zka-v\u00fdstavy_2.jpg"},"modified":"2019-08-22T17:14:41","modified_gmt":"2019-08-22T16:14:41","slug":"ukazka-vystavy_2","status":"inherit","type":"attachment","link":"https:\/\/photography.famu.cz\/archiv\/?attachment_id=3238","title":{"rendered":"uk\u00e1zka v\u00fdstavy_2"},"author":1,"comment_status":"closed","ping_status":"closed","template":"","meta":[],"description":{"rendered":"<p class=\"attachment\"><a href='https:\/\/photography.famu.cz\/archiv\/wp-content\/uploads\/2019\/08\/uk\u00e1zka-v\u00fdstavy_2.jpg'><img loading=\"lazy\" decoding=\"async\" width=\"200\" height=\"300\" src=\"https:\/\/photography.famu.cz\/archiv\/wp-content\/uploads\/2019\/08\/uk\u00e1zka-v\u00fdstavy_2-200x300.jpg\" class=\"attachment-medium size-medium\" alt=\"\" srcset=\"https:\/\/photography.famu.cz\/archiv\/wp-content\/uploads\/2019\/08\/uk\u00e1zka-v\u00fdstavy_2-200x300.jpg 200w, https:\/\/photography.famu.cz\/archiv\/wp-content\/uploads\/2019\/08\/uk\u00e1zka-v\u00fdstavy_2-683x1024.jpg 683w, https:\/\/photography.famu.cz\/archiv\/wp-content\/uploads\/2019\/08\/uk\u00e1zka-v\u00fdstavy_2.jpg 1200w\" sizes=\"(max-width: 200px) 100vw, 200px\" \/><\/a><\/p>\n"},"caption":{"rendered":"<p>uk\u00e1zka v\u00fdstavy_2<\/p>\n"},"alt_text":"","media_type":"image","mime_type":"image\/jpeg","media_details":{"width":1200,"height":1798,"file":"2019\/08\/uk\u00e1zka-v\u00fdstavy_2.jpg","sizes":{"thumbnail":{"file":"uk\u00e1zka-v\u00fdstavy_2-150x150.jpg","width":150,"height":150,"mime_type":"image\/jpeg","source_url":"https:\/\/photography.famu.cz\/archiv\/wp-content\/uploads\/2019\/08\/uk\u00e1zka-v\u00fdstavy_2-150x150.jpg"},"medium":{"file":"uk\u00e1zka-v\u00fdstavy_2-200x300.jpg","width":200,"height":300,"mime_type":"image\/jpeg","source_url":"https:\/\/photography.famu.cz\/archiv\/wp-content\/uploads\/2019\/08\/uk\u00e1zka-v\u00fdstavy_2-200x300.jpg"},"large":{"file":"uk\u00e1zka-v\u00fdstavy_2-683x1024.jpg","width":683,"height":1024,"mime_type":"image\/jpeg","source_url":"https:\/\/photography.famu.cz\/archiv\/wp-content\/uploads\/2019\/08\/uk\u00e1zka-v\u00fdstavy_2-683x1024.jpg"},"post-thumbnail":{"file":"uk\u00e1zka-v\u00fdstavy_2-825x510.jpg","width":825,"height":510,"mime_type":"image\/jpeg","source_url":"https:\/\/photography.famu.cz\/archiv\/wp-content\/uploads\/2019\/08\/uk\u00e1zka-v\u00fdstavy_2-825x510.jpg"},"full":{"file":"uk\u00e1zka-v\u00fdstavy_2.jpg","width":1200,"height":1798,"mime_type":"image\/jpeg","source_url":"https:\/\/photography.famu.cz\/archiv\/wp-content\/uploads\/2019\/08\/uk\u00e1zka-v\u00fdstavy_2.jpg"}},"image_meta":{"aperture":4,"credit":"","camera":"NIKON D750","caption":"","created_timestamp":1560272118,"copyright":"","focal_length":"52","iso":"100","shutter_speed":"0.125","title":"","orientation":1}},"post":3236,"source_url":"https:\/\/photography.famu.cz\/archiv\/wp-content\/uploads\/2019\/08\/uk\u00e1zka-v\u00fdstavy_2.jpg","_links":{"self":[{"href":"https:\/\/photography.famu.cz\/archiv\/index.php?rest_route=\/wp\/v2\/media\/3238"}],"collection":[{"href":"https:\/\/photography.famu.cz\/archiv\/index.php?rest_route=\/wp\/v2\/media"}],"about":[{"href":"https:\/\/photography.famu.cz\/archiv\/index.php?rest_route=\/wp\/v2\/types\/attachment"}],"author":[{"embeddable":true,"href":"https:\/\/photography.famu.cz\/archiv\/index.php?rest_route=\/wp\/v2\/users\/1"}],"replies":[{"embeddable":true,"href":"https:\/\/photography.famu.cz\/archiv\/index.php?rest_route=%2Fwp%2Fv2%2Fcomments&post=3238"}]}}

http://foto.amu.cz/archiv/wp-content/uploads/2019/08/ukázka-výstavy_2.jpg

ukázka výstavy_2

<p class="attachment"><a href='https://photography.famu.cz/archiv/wp-content/uploads/2019/08/ukázka-výstavy_2.jpg'><img loading="lazy" decoding="async" width="200" height="300" src="https://photography.famu.cz/archiv/wp-content/uploads/2019/08/ukázka-výstavy_2-200x300.jpg" class="attachment-medium size-medium" alt="" srcset="https://photography.famu.cz/archiv/wp-content/uploads/2019/08/ukázka-výstavy_2-200x300.jpg 200w, https://photography.famu.cz/archiv/wp-content/uploads/2019/08/ukázka-výstavy_2-683x1024.jpg 683w, https://photography.famu.cz/archiv/wp-content/uploads/2019/08/ukázka-výstavy_2.jpg 1200w" sizes="(max-width: 200px) 100vw, 200px" /></a></p>

<p>ukázka výstavy_2</p>

2019/08/ukázka-výstavy_2.jpg

ukázka-výstavy_2-150x150.jpg

https://photography.famu.cz/archiv/wp-content/uploads/2019/08/ukázka-výstavy_2-150x150.jpg

ukázka-výstavy_2-200x300.jpg

https://photography.famu.cz/archiv/wp-content/uploads/2019/08/ukázka-výstavy_2-200x300.jpg

ukázka-výstavy_2-683x1024.jpg

https://photography.famu.cz/archiv/wp-content/uploads/2019/08/ukázka-výstavy_2-683x1024.jpg

ukázka-výstavy_2-825x510.jpg

https://photography.famu.cz/archiv/wp-content/uploads/2019/08/ukázka-výstavy_2-825x510.jpg

ukázka-výstavy_2.jpg

https://photography.famu.cz/archiv/wp-content/uploads/2019/08/ukázka-výstavy_2.jpg
