{"id":3600,"date":"2020-11-28T19:53:32","date_gmt":"2020-11-28T18:53:32","guid":{"rendered":"http:\/\/foto.amu.cz\/archiv\/wp-content\/uploads\/2020\/11\/Lenka-Jan\u00ed\u010dkov\u00e1-\u0160achta-Artwork-by-Juan-David-Cevallos-2_-copy.jpg"},"modified":"2020-11-28T19:55:08","modified_gmt":"2020-11-28T18:55:08","slug":"lenka-janickova-sachta-artwork-by-juan-david-cevallos-2_-copy","status":"inherit","type":"attachment","link":"https:\/\/photography.famu.cz\/archiv\/?attachment_id=3600","title":{"rendered":"\u0160achta, Artwork by Juan David Cevallos 2_ copy"},"author":1,"comment_status":"closed","ping_status":"closed","template":"","meta":[],"description":{"rendered":"<p class=\"attachment\"><a href='https:\/\/photography.famu.cz\/archiv\/wp-content\/uploads\/2020\/11\/Lenka-Jan\u00ed\u010dkov\u00e1-\u0160achta-Artwork-by-Juan-David-Cevallos-2_-copy.jpg'><img loading=\"lazy\" decoding=\"async\" width=\"300\" height=\"200\" src=\"https:\/\/photography.famu.cz\/archiv\/wp-content\/uploads\/2020\/11\/Lenka-Jan\u00ed\u010dkov\u00e1-\u0160achta-Artwork-by-Juan-David-Cevallos-2_-copy-300x200.jpg\" class=\"attachment-medium size-medium\" alt=\"\" srcset=\"https:\/\/photography.famu.cz\/archiv\/wp-content\/uploads\/2020\/11\/Lenka-Jan\u00ed\u010dkov\u00e1-\u0160achta-Artwork-by-Juan-David-Cevallos-2_-copy-300x200.jpg 300w, https:\/\/photography.famu.cz\/archiv\/wp-content\/uploads\/2020\/11\/Lenka-Jan\u00ed\u010dkov\u00e1-\u0160achta-Artwork-by-Juan-David-Cevallos-2_-copy-845x564.jpg 845w, https:\/\/photography.famu.cz\/archiv\/wp-content\/uploads\/2020\/11\/Lenka-Jan\u00ed\u010dkov\u00e1-\u0160achta-Artwork-by-Juan-David-Cevallos-2_-copy.jpg 2000w\" sizes=\"(max-width: 300px) 100vw, 300px\" \/><\/a><\/p>\n"},"caption":{"rendered":"<p>Cevallos dokumentace2<\/p>\n"},"alt_text":"","media_type":"image","mime_type":"image\/jpeg","media_details":{"width":2000,"height":1334,"file":"2020\/11\/Lenka-Jan\u00ed\u010dkov\u00e1-\u0160achta-Artwork-by-Juan-David-Cevallos-2_-copy.jpg","sizes":{"thumbnail":{"file":"Lenka-Jan\u00ed\u010dkov\u00e1-\u0160achta-Artwork-by-Juan-David-Cevallos-2_-copy-150x150.jpg","width":150,"height":150,"mime_type":"image\/jpeg","source_url":"https:\/\/photography.famu.cz\/archiv\/wp-content\/uploads\/2020\/11\/Lenka-Jan\u00ed\u010dkov\u00e1-\u0160achta-Artwork-by-Juan-David-Cevallos-2_-copy-150x150.jpg"},"medium":{"file":"Lenka-Jan\u00ed\u010dkov\u00e1-\u0160achta-Artwork-by-Juan-David-Cevallos-2_-copy-300x200.jpg","width":300,"height":200,"mime_type":"image\/jpeg","source_url":"https:\/\/photography.famu.cz\/archiv\/wp-content\/uploads\/2020\/11\/Lenka-Jan\u00ed\u010dkov\u00e1-\u0160achta-Artwork-by-Juan-David-Cevallos-2_-copy-300x200.jpg"},"large":{"file":"Lenka-Jan\u00ed\u010dkov\u00e1-\u0160achta-Artwork-by-Juan-David-Cevallos-2_-copy-845x564.jpg","width":845,"height":564,"mime_type":"image\/jpeg","source_url":"https:\/\/photography.famu.cz\/archiv\/wp-content\/uploads\/2020\/11\/Lenka-Jan\u00ed\u010dkov\u00e1-\u0160achta-Artwork-by-Juan-David-Cevallos-2_-copy-845x564.jpg"},"post-thumbnail":{"file":"Lenka-Jan\u00ed\u010dkov\u00e1-\u0160achta-Artwork-by-Juan-David-Cevallos-2_-copy-825x510.jpg","width":825,"height":510,"mime_type":"image\/jpeg","source_url":"https:\/\/photography.famu.cz\/archiv\/wp-content\/uploads\/2020\/11\/Lenka-Jan\u00ed\u010dkov\u00e1-\u0160achta-Artwork-by-Juan-David-Cevallos-2_-copy-825x510.jpg"},"full":{"file":"Lenka-Jan\u00ed\u010dkov\u00e1-\u0160achta-Artwork-by-Juan-David-Cevallos-2_-copy.jpg","width":2000,"height":1334,"mime_type":"image\/jpeg","source_url":"https:\/\/photography.famu.cz\/archiv\/wp-content\/uploads\/2020\/11\/Lenka-Jan\u00ed\u010dkov\u00e1-\u0160achta-Artwork-by-Juan-David-Cevallos-2_-copy.jpg"}},"image_meta":{"aperture":16,"credit":"","camera":"Canon EOS 5D Mark II","caption":"","created_timestamp":1599909647,"copyright":"","focal_length":"24","iso":"200","shutter_speed":"1.3","title":"","orientation":1}},"post":3596,"source_url":"https:\/\/photography.famu.cz\/archiv\/wp-content\/uploads\/2020\/11\/Lenka-Jan\u00ed\u010dkov\u00e1-\u0160achta-Artwork-by-Juan-David-Cevallos-2_-copy.jpg","_links":{"self":[{"href":"https:\/\/photography.famu.cz\/archiv\/index.php?rest_route=\/wp\/v2\/media\/3600"}],"collection":[{"href":"https:\/\/photography.famu.cz\/archiv\/index.php?rest_route=\/wp\/v2\/media"}],"about":[{"href":"https:\/\/photography.famu.cz\/archiv\/index.php?rest_route=\/wp\/v2\/types\/attachment"}],"author":[{"embeddable":true,"href":"https:\/\/photography.famu.cz\/archiv\/index.php?rest_route=\/wp\/v2\/users\/1"}],"replies":[{"embeddable":true,"href":"https:\/\/photography.famu.cz\/archiv\/index.php?rest_route=%2Fwp%2Fv2%2Fcomments&post=3600"}]}}

http://foto.amu.cz/archiv/wp-content/uploads/2020/11/Lenka-Janíčková-Šachta-Artwork-by-Juan-David-Cevallos-2_-copy.jpg

Šachta, Artwork by Juan David Cevallos 2_ copy

<p class="attachment"><a href='https://photography.famu.cz/archiv/wp-content/uploads/2020/11/Lenka-Janíčková-Šachta-Artwork-by-Juan-David-Cevallos-2_-copy.jpg'><img loading="lazy" decoding="async" width="300" height="200" src="https://photography.famu.cz/archiv/wp-content/uploads/2020/11/Lenka-Janíčková-Šachta-Artwork-by-Juan-David-Cevallos-2_-copy-300x200.jpg" class="attachment-medium size-medium" alt="" srcset="https://photography.famu.cz/archiv/wp-content/uploads/2020/11/Lenka-Janíčková-Šachta-Artwork-by-Juan-David-Cevallos-2_-copy-300x200.jpg 300w, https://photography.famu.cz/archiv/wp-content/uploads/2020/11/Lenka-Janíčková-Šachta-Artwork-by-Juan-David-Cevallos-2_-copy-845x564.jpg 845w, https://photography.famu.cz/archiv/wp-content/uploads/2020/11/Lenka-Janíčková-Šachta-Artwork-by-Juan-David-Cevallos-2_-copy.jpg 2000w" sizes="(max-width: 300px) 100vw, 300px" /></a></p>

2020/11/Lenka-Janíčková-Šachta-Artwork-by-Juan-David-Cevallos-2_-copy.jpg

Lenka-Janíčková-Šachta-Artwork-by-Juan-David-Cevallos-2_-copy-150x150.jpg

https://photography.famu.cz/archiv/wp-content/uploads/2020/11/Lenka-Janíčková-Šachta-Artwork-by-Juan-David-Cevallos-2_-copy-150x150.jpg

Lenka-Janíčková-Šachta-Artwork-by-Juan-David-Cevallos-2_-copy-300x200.jpg

https://photography.famu.cz/archiv/wp-content/uploads/2020/11/Lenka-Janíčková-Šachta-Artwork-by-Juan-David-Cevallos-2_-copy-300x200.jpg

Lenka-Janíčková-Šachta-Artwork-by-Juan-David-Cevallos-2_-copy-845x564.jpg

https://photography.famu.cz/archiv/wp-content/uploads/2020/11/Lenka-Janíčková-Šachta-Artwork-by-Juan-David-Cevallos-2_-copy-845x564.jpg

Lenka-Janíčková-Šachta-Artwork-by-Juan-David-Cevallos-2_-copy-825x510.jpg

https://photography.famu.cz/archiv/wp-content/uploads/2020/11/Lenka-Janíčková-Šachta-Artwork-by-Juan-David-Cevallos-2_-copy-825x510.jpg

Lenka-Janíčková-Šachta-Artwork-by-Juan-David-Cevallos-2_-copy.jpg

https://photography.famu.cz/archiv/wp-content/uploads/2020/11/Lenka-Janíčková-Šachta-Artwork-by-Juan-David-Cevallos-2_-copy.jpg
