{"id":3688,"date":"2020-11-28T22:07:41","date_gmt":"2020-11-28T21:07:41","guid":{"rendered":"http:\/\/foto.amu.cz\/archiv\/wp-content\/uploads\/2020\/11\/Kajet\u00e1n-Tvrd\u00edk1-copy.jpg"},"modified":"2020-11-28T22:14:34","modified_gmt":"2020-11-28T21:14:34","slug":"kajetan-tvrdik1-copy","status":"inherit","type":"attachment","link":"https:\/\/photography.famu.cz\/archiv\/?attachment_id=3688","title":{"rendered":"Tvrd\u00edk 9"},"author":1,"comment_status":"closed","ping_status":"closed","template":"","meta":[],"description":{"rendered":"<p class=\"attachment\"><a href='https:\/\/photography.famu.cz\/archiv\/wp-content\/uploads\/2020\/11\/Kajet\u00e1n-Tvrd\u00edk1-copy.jpg'><img loading=\"lazy\" decoding=\"async\" width=\"195\" height=\"300\" src=\"https:\/\/photography.famu.cz\/archiv\/wp-content\/uploads\/2020\/11\/Kajet\u00e1n-Tvrd\u00edk1-copy-195x300.jpg\" class=\"attachment-medium size-medium\" alt=\"\" srcset=\"https:\/\/photography.famu.cz\/archiv\/wp-content\/uploads\/2020\/11\/Kajet\u00e1n-Tvrd\u00edk1-copy-195x300.jpg 195w, https:\/\/photography.famu.cz\/archiv\/wp-content\/uploads\/2020\/11\/Kajet\u00e1n-Tvrd\u00edk1-copy-667x1024.jpg 667w, https:\/\/photography.famu.cz\/archiv\/wp-content\/uploads\/2020\/11\/Kajet\u00e1n-Tvrd\u00edk1-copy.jpg 1302w\" sizes=\"(max-width: 195px) 100vw, 195px\" \/><\/a><\/p>\n"},"caption":{"rendered":"<p>uk\u00e1zka z instalace<\/p>\n"},"alt_text":"","media_type":"image","mime_type":"image\/jpeg","media_details":{"width":1302,"height":2000,"file":"2020\/11\/Kajet\u00e1n-Tvrd\u00edk1-copy.jpg","sizes":{"thumbnail":{"file":"Kajet\u00e1n-Tvrd\u00edk1-copy-150x150.jpg","width":150,"height":150,"mime_type":"image\/jpeg","source_url":"https:\/\/photography.famu.cz\/archiv\/wp-content\/uploads\/2020\/11\/Kajet\u00e1n-Tvrd\u00edk1-copy-150x150.jpg"},"medium":{"file":"Kajet\u00e1n-Tvrd\u00edk1-copy-195x300.jpg","width":195,"height":300,"mime_type":"image\/jpeg","source_url":"https:\/\/photography.famu.cz\/archiv\/wp-content\/uploads\/2020\/11\/Kajet\u00e1n-Tvrd\u00edk1-copy-195x300.jpg"},"large":{"file":"Kajet\u00e1n-Tvrd\u00edk1-copy-667x1024.jpg","width":667,"height":1024,"mime_type":"image\/jpeg","source_url":"https:\/\/photography.famu.cz\/archiv\/wp-content\/uploads\/2020\/11\/Kajet\u00e1n-Tvrd\u00edk1-copy-667x1024.jpg"},"post-thumbnail":{"file":"Kajet\u00e1n-Tvrd\u00edk1-copy-825x510.jpg","width":825,"height":510,"mime_type":"image\/jpeg","source_url":"https:\/\/photography.famu.cz\/archiv\/wp-content\/uploads\/2020\/11\/Kajet\u00e1n-Tvrd\u00edk1-copy-825x510.jpg"},"full":{"file":"Kajet\u00e1n-Tvrd\u00edk1-copy.jpg","width":1302,"height":2000,"mime_type":"image\/jpeg","source_url":"https:\/\/photography.famu.cz\/archiv\/wp-content\/uploads\/2020\/11\/Kajet\u00e1n-Tvrd\u00edk1-copy.jpg"}},"image_meta":{"aperture":9,"credit":"","camera":"Canon EOS 6D","caption":"","created_timestamp":1599889978,"copyright":"","focal_length":"17","iso":"100","shutter_speed":"30","title":"","orientation":1}},"post":3686,"source_url":"https:\/\/photography.famu.cz\/archiv\/wp-content\/uploads\/2020\/11\/Kajet\u00e1n-Tvrd\u00edk1-copy.jpg","_links":{"self":[{"href":"https:\/\/photography.famu.cz\/archiv\/index.php?rest_route=\/wp\/v2\/media\/3688"}],"collection":[{"href":"https:\/\/photography.famu.cz\/archiv\/index.php?rest_route=\/wp\/v2\/media"}],"about":[{"href":"https:\/\/photography.famu.cz\/archiv\/index.php?rest_route=\/wp\/v2\/types\/attachment"}],"author":[{"embeddable":true,"href":"https:\/\/photography.famu.cz\/archiv\/index.php?rest_route=\/wp\/v2\/users\/1"}],"replies":[{"embeddable":true,"href":"https:\/\/photography.famu.cz\/archiv\/index.php?rest_route=%2Fwp%2Fv2%2Fcomments&post=3688"}]}}

http://foto.amu.cz/archiv/wp-content/uploads/2020/11/Kajetán-Tvrdík1-copy.jpg

Tvrdík 9

<p class="attachment"><a href='https://photography.famu.cz/archiv/wp-content/uploads/2020/11/Kajetán-Tvrdík1-copy.jpg'><img loading="lazy" decoding="async" width="195" height="300" src="https://photography.famu.cz/archiv/wp-content/uploads/2020/11/Kajetán-Tvrdík1-copy-195x300.jpg" class="attachment-medium size-medium" alt="" srcset="https://photography.famu.cz/archiv/wp-content/uploads/2020/11/Kajetán-Tvrdík1-copy-195x300.jpg 195w, https://photography.famu.cz/archiv/wp-content/uploads/2020/11/Kajetán-Tvrdík1-copy-667x1024.jpg 667w, https://photography.famu.cz/archiv/wp-content/uploads/2020/11/Kajetán-Tvrdík1-copy.jpg 1302w" sizes="(max-width: 195px) 100vw, 195px" /></a></p>

<p>ukázka z instalace</p>

2020/11/Kajetán-Tvrdík1-copy.jpg

Kajetán-Tvrdík1-copy-150x150.jpg

https://photography.famu.cz/archiv/wp-content/uploads/2020/11/Kajetán-Tvrdík1-copy-150x150.jpg

Kajetán-Tvrdík1-copy-195x300.jpg

https://photography.famu.cz/archiv/wp-content/uploads/2020/11/Kajetán-Tvrdík1-copy-195x300.jpg

Kajetán-Tvrdík1-copy-667x1024.jpg

https://photography.famu.cz/archiv/wp-content/uploads/2020/11/Kajetán-Tvrdík1-copy-667x1024.jpg

Kajetán-Tvrdík1-copy-825x510.jpg

https://photography.famu.cz/archiv/wp-content/uploads/2020/11/Kajetán-Tvrdík1-copy-825x510.jpg

Kajetán-Tvrdík1-copy.jpg

https://photography.famu.cz/archiv/wp-content/uploads/2020/11/Kajetán-Tvrdík1-copy.jpg
