{"id":3698,"date":"2020-11-28T22:09:33","date_gmt":"2020-11-28T21:09:33","guid":{"rendered":"http:\/\/foto.amu.cz\/archiv\/wp-content\/uploads\/2020\/11\/Kajet\u00e1n-Tvrd\u00edk3-copy.jpg"},"modified":"2020-11-28T22:15:10","modified_gmt":"2020-11-28T21:15:10","slug":"kajetan-tvrdik3-copy","status":"inherit","type":"attachment","link":"https:\/\/photography.famu.cz\/archiv\/?attachment_id=3698","title":{"rendered":"Tvrd\u00edk 10"},"author":1,"comment_status":"closed","ping_status":"closed","template":"","meta":[],"description":{"rendered":"<p class=\"attachment\"><a href='https:\/\/photography.famu.cz\/archiv\/wp-content\/uploads\/2020\/11\/Kajet\u00e1n-Tvrd\u00edk3-copy.jpg'><img loading=\"lazy\" decoding=\"async\" width=\"300\" height=\"200\" src=\"https:\/\/photography.famu.cz\/archiv\/wp-content\/uploads\/2020\/11\/Kajet\u00e1n-Tvrd\u00edk3-copy-300x200.jpg\" class=\"attachment-medium size-medium\" alt=\"\" srcset=\"https:\/\/photography.famu.cz\/archiv\/wp-content\/uploads\/2020\/11\/Kajet\u00e1n-Tvrd\u00edk3-copy-300x200.jpg 300w, https:\/\/photography.famu.cz\/archiv\/wp-content\/uploads\/2020\/11\/Kajet\u00e1n-Tvrd\u00edk3-copy-845x563.jpg 845w, https:\/\/photography.famu.cz\/archiv\/wp-content\/uploads\/2020\/11\/Kajet\u00e1n-Tvrd\u00edk3-copy.jpg 2000w\" sizes=\"(max-width: 300px) 100vw, 300px\" \/><\/a><\/p>\n"},"caption":{"rendered":"<p>uk\u00e1zka z instalace<\/p>\n"},"alt_text":"","media_type":"image","mime_type":"image\/jpeg","media_details":{"width":2000,"height":1333,"file":"2020\/11\/Kajet\u00e1n-Tvrd\u00edk3-copy.jpg","sizes":{"thumbnail":{"file":"Kajet\u00e1n-Tvrd\u00edk3-copy-150x150.jpg","width":150,"height":150,"mime_type":"image\/jpeg","source_url":"https:\/\/photography.famu.cz\/archiv\/wp-content\/uploads\/2020\/11\/Kajet\u00e1n-Tvrd\u00edk3-copy-150x150.jpg"},"medium":{"file":"Kajet\u00e1n-Tvrd\u00edk3-copy-300x200.jpg","width":300,"height":200,"mime_type":"image\/jpeg","source_url":"https:\/\/photography.famu.cz\/archiv\/wp-content\/uploads\/2020\/11\/Kajet\u00e1n-Tvrd\u00edk3-copy-300x200.jpg"},"large":{"file":"Kajet\u00e1n-Tvrd\u00edk3-copy-845x563.jpg","width":845,"height":563,"mime_type":"image\/jpeg","source_url":"https:\/\/photography.famu.cz\/archiv\/wp-content\/uploads\/2020\/11\/Kajet\u00e1n-Tvrd\u00edk3-copy-845x563.jpg"},"post-thumbnail":{"file":"Kajet\u00e1n-Tvrd\u00edk3-copy-825x510.jpg","width":825,"height":510,"mime_type":"image\/jpeg","source_url":"https:\/\/photography.famu.cz\/archiv\/wp-content\/uploads\/2020\/11\/Kajet\u00e1n-Tvrd\u00edk3-copy-825x510.jpg"},"full":{"file":"Kajet\u00e1n-Tvrd\u00edk3-copy.jpg","width":2000,"height":1333,"mime_type":"image\/jpeg","source_url":"https:\/\/photography.famu.cz\/archiv\/wp-content\/uploads\/2020\/11\/Kajet\u00e1n-Tvrd\u00edk3-copy.jpg"}},"image_meta":{"aperture":5.6,"credit":"","camera":"Canon EOS 6D","caption":"","created_timestamp":1599889643,"copyright":"","focal_length":"17","iso":"100","shutter_speed":"30","title":"","orientation":1}},"post":3686,"source_url":"https:\/\/photography.famu.cz\/archiv\/wp-content\/uploads\/2020\/11\/Kajet\u00e1n-Tvrd\u00edk3-copy.jpg","_links":{"self":[{"href":"https:\/\/photography.famu.cz\/archiv\/index.php?rest_route=\/wp\/v2\/media\/3698"}],"collection":[{"href":"https:\/\/photography.famu.cz\/archiv\/index.php?rest_route=\/wp\/v2\/media"}],"about":[{"href":"https:\/\/photography.famu.cz\/archiv\/index.php?rest_route=\/wp\/v2\/types\/attachment"}],"author":[{"embeddable":true,"href":"https:\/\/photography.famu.cz\/archiv\/index.php?rest_route=\/wp\/v2\/users\/1"}],"replies":[{"embeddable":true,"href":"https:\/\/photography.famu.cz\/archiv\/index.php?rest_route=%2Fwp%2Fv2%2Fcomments&post=3698"}]}}

http://foto.amu.cz/archiv/wp-content/uploads/2020/11/Kajetán-Tvrdík3-copy.jpg

Tvrdík 10

<p class="attachment"><a href='https://photography.famu.cz/archiv/wp-content/uploads/2020/11/Kajetán-Tvrdík3-copy.jpg'><img loading="lazy" decoding="async" width="300" height="200" src="https://photography.famu.cz/archiv/wp-content/uploads/2020/11/Kajetán-Tvrdík3-copy-300x200.jpg" class="attachment-medium size-medium" alt="" srcset="https://photography.famu.cz/archiv/wp-content/uploads/2020/11/Kajetán-Tvrdík3-copy-300x200.jpg 300w, https://photography.famu.cz/archiv/wp-content/uploads/2020/11/Kajetán-Tvrdík3-copy-845x563.jpg 845w, https://photography.famu.cz/archiv/wp-content/uploads/2020/11/Kajetán-Tvrdík3-copy.jpg 2000w" sizes="(max-width: 300px) 100vw, 300px" /></a></p>

<p>ukázka z instalace</p>

2020/11/Kajetán-Tvrdík3-copy.jpg

Kajetán-Tvrdík3-copy-150x150.jpg

https://photography.famu.cz/archiv/wp-content/uploads/2020/11/Kajetán-Tvrdík3-copy-150x150.jpg

Kajetán-Tvrdík3-copy-300x200.jpg

https://photography.famu.cz/archiv/wp-content/uploads/2020/11/Kajetán-Tvrdík3-copy-300x200.jpg

Kajetán-Tvrdík3-copy-845x563.jpg

https://photography.famu.cz/archiv/wp-content/uploads/2020/11/Kajetán-Tvrdík3-copy-845x563.jpg

Kajetán-Tvrdík3-copy-825x510.jpg

https://photography.famu.cz/archiv/wp-content/uploads/2020/11/Kajetán-Tvrdík3-copy-825x510.jpg

Kajetán-Tvrdík3-copy.jpg

https://photography.famu.cz/archiv/wp-content/uploads/2020/11/Kajetán-Tvrdík3-copy.jpg
