{"id":3900,"date":"2022-06-05T14:34:21","date_gmt":"2022-06-05T13:34:21","guid":{"rendered":"http:\/\/foto.amu.cz\/archiv\/wp-content\/uploads\/2022\/05\/Uk\u00e1zka-z-instalace-2-Sch\u00f6n.jpg"},"modified":"2022-06-05T14:35:12","modified_gmt":"2022-06-05T13:35:12","slug":"ukazka-z-instalace-2-schon","status":"inherit","type":"attachment","link":"https:\/\/photography.famu.cz\/archiv\/?attachment_id=3900","title":{"rendered":"Uk\u00e1zka z instalace 2 Sch\u00f6n"},"author":1,"comment_status":"closed","ping_status":"closed","template":"","meta":[],"description":{"rendered":"<p class=\"attachment\"><a href='https:\/\/photography.famu.cz\/archiv\/wp-content\/uploads\/2022\/05\/Uk\u00e1zka-z-instalace-2-Sch\u00f6n.jpg'><img loading=\"lazy\" decoding=\"async\" width=\"300\" height=\"200\" src=\"https:\/\/photography.famu.cz\/archiv\/wp-content\/uploads\/2022\/05\/Uk\u00e1zka-z-instalace-2-Sch\u00f6n-300x200.jpg\" class=\"attachment-medium size-medium\" alt=\"\" srcset=\"https:\/\/photography.famu.cz\/archiv\/wp-content\/uploads\/2022\/05\/Uk\u00e1zka-z-instalace-2-Sch\u00f6n-300x200.jpg 300w, https:\/\/photography.famu.cz\/archiv\/wp-content\/uploads\/2022\/05\/Uk\u00e1zka-z-instalace-2-Sch\u00f6n-845x563.jpg 845w, https:\/\/photography.famu.cz\/archiv\/wp-content\/uploads\/2022\/05\/Uk\u00e1zka-z-instalace-2-Sch\u00f6n.jpg 1500w\" sizes=\"(max-width: 300px) 100vw, 300px\" \/><\/a><\/p>\n"},"caption":{"rendered":"<p>Uk\u00e1zka z instalace 2 Sch\u00f6n<\/p>\n"},"alt_text":"","media_type":"image","mime_type":"image\/jpeg","media_details":{"width":1500,"height":1000,"file":"2022\/05\/Uk\u00e1zka-z-instalace-2-Sch\u00f6n.jpg","sizes":{"thumbnail":{"file":"Uk\u00e1zka-z-instalace-2-Sch\u00f6n-150x150.jpg","width":150,"height":150,"mime_type":"image\/jpeg","source_url":"https:\/\/photography.famu.cz\/archiv\/wp-content\/uploads\/2022\/05\/Uk\u00e1zka-z-instalace-2-Sch\u00f6n-150x150.jpg"},"medium":{"file":"Uk\u00e1zka-z-instalace-2-Sch\u00f6n-300x200.jpg","width":300,"height":200,"mime_type":"image\/jpeg","source_url":"https:\/\/photography.famu.cz\/archiv\/wp-content\/uploads\/2022\/05\/Uk\u00e1zka-z-instalace-2-Sch\u00f6n-300x200.jpg"},"large":{"file":"Uk\u00e1zka-z-instalace-2-Sch\u00f6n-845x563.jpg","width":845,"height":563,"mime_type":"image\/jpeg","source_url":"https:\/\/photography.famu.cz\/archiv\/wp-content\/uploads\/2022\/05\/Uk\u00e1zka-z-instalace-2-Sch\u00f6n-845x563.jpg"},"post-thumbnail":{"file":"Uk\u00e1zka-z-instalace-2-Sch\u00f6n-825x510.jpg","width":825,"height":510,"mime_type":"image\/jpeg","source_url":"https:\/\/photography.famu.cz\/archiv\/wp-content\/uploads\/2022\/05\/Uk\u00e1zka-z-instalace-2-Sch\u00f6n-825x510.jpg"},"full":{"file":"Uk\u00e1zka-z-instalace-2-Sch\u00f6n.jpg","width":1500,"height":1000,"mime_type":"image\/jpeg","source_url":"https:\/\/photography.famu.cz\/archiv\/wp-content\/uploads\/2022\/05\/Uk\u00e1zka-z-instalace-2-Sch\u00f6n.jpg"}},"image_meta":{"aperture":16,"credit":"Tom\u00e1\u0161 Sou\u010dek","camera":"ILCE-7M2","caption":"","created_timestamp":1625747929,"copyright":"Tom\u00e1\u0161 Sou\u010dek","focal_length":"36","iso":"200","shutter_speed":"1.3","title":"","orientation":1}},"post":3849,"source_url":"https:\/\/photography.famu.cz\/archiv\/wp-content\/uploads\/2022\/05\/Uk\u00e1zka-z-instalace-2-Sch\u00f6n.jpg","_links":{"self":[{"href":"https:\/\/photography.famu.cz\/archiv\/index.php?rest_route=\/wp\/v2\/media\/3900"}],"collection":[{"href":"https:\/\/photography.famu.cz\/archiv\/index.php?rest_route=\/wp\/v2\/media"}],"about":[{"href":"https:\/\/photography.famu.cz\/archiv\/index.php?rest_route=\/wp\/v2\/types\/attachment"}],"author":[{"embeddable":true,"href":"https:\/\/photography.famu.cz\/archiv\/index.php?rest_route=\/wp\/v2\/users\/1"}],"replies":[{"embeddable":true,"href":"https:\/\/photography.famu.cz\/archiv\/index.php?rest_route=%2Fwp%2Fv2%2Fcomments&post=3900"}]}}

http://foto.amu.cz/archiv/wp-content/uploads/2022/05/Ukázka-z-instalace-2-Schön.jpg

Ukázka z instalace 2 Schön

<p class="attachment"><a href='https://photography.famu.cz/archiv/wp-content/uploads/2022/05/Ukázka-z-instalace-2-Schön.jpg'><img loading="lazy" decoding="async" width="300" height="200" src="https://photography.famu.cz/archiv/wp-content/uploads/2022/05/Ukázka-z-instalace-2-Schön-300x200.jpg" class="attachment-medium size-medium" alt="" srcset="https://photography.famu.cz/archiv/wp-content/uploads/2022/05/Ukázka-z-instalace-2-Schön-300x200.jpg 300w, https://photography.famu.cz/archiv/wp-content/uploads/2022/05/Ukázka-z-instalace-2-Schön-845x563.jpg 845w, https://photography.famu.cz/archiv/wp-content/uploads/2022/05/Ukázka-z-instalace-2-Schön.jpg 1500w" sizes="(max-width: 300px) 100vw, 300px" /></a></p>

<p>Ukázka z instalace 2 Schön</p>

2022/05/Ukázka-z-instalace-2-Schön.jpg

Ukázka-z-instalace-2-Schön-150x150.jpg

https://photography.famu.cz/archiv/wp-content/uploads/2022/05/Ukázka-z-instalace-2-Schön-150x150.jpg

Ukázka-z-instalace-2-Schön-300x200.jpg

https://photography.famu.cz/archiv/wp-content/uploads/2022/05/Ukázka-z-instalace-2-Schön-300x200.jpg

Ukázka-z-instalace-2-Schön-845x563.jpg

https://photography.famu.cz/archiv/wp-content/uploads/2022/05/Ukázka-z-instalace-2-Schön-845x563.jpg

Ukázka-z-instalace-2-Schön-825x510.jpg

https://photography.famu.cz/archiv/wp-content/uploads/2022/05/Ukázka-z-instalace-2-Schön-825x510.jpg

Ukázka-z-instalace-2-Schön.jpg

https://photography.famu.cz/archiv/wp-content/uploads/2022/05/Ukázka-z-instalace-2-Schön.jpg

Tomáš Souček
