{"id":3904,"date":"2022-06-05T14:40:07","date_gmt":"2022-06-05T13:40:07","guid":{"rendered":"http:\/\/foto.amu.cz\/archiv\/wp-content\/uploads\/2022\/06\/Cermakova6.jpg"},"modified":"2022-06-05T14:41:27","modified_gmt":"2022-06-05T13:41:27","slug":"cermakova6","status":"inherit","type":"attachment","link":"https:\/\/photography.famu.cz\/archiv\/?attachment_id=3904","title":{"rendered":"Cermakova6"},"author":1,"comment_status":"closed","ping_status":"closed","template":"","meta":[],"description":{"rendered":"<p class=\"attachment\"><a href='https:\/\/photography.famu.cz\/archiv\/wp-content\/uploads\/2022\/06\/Cermakova6.jpg'><img loading=\"lazy\" decoding=\"async\" width=\"300\" height=\"200\" src=\"https:\/\/photography.famu.cz\/archiv\/wp-content\/uploads\/2022\/06\/Cermakova6-300x200.jpg\" class=\"attachment-medium size-medium\" alt=\"\" srcset=\"https:\/\/photography.famu.cz\/archiv\/wp-content\/uploads\/2022\/06\/Cermakova6-300x200.jpg 300w, https:\/\/photography.famu.cz\/archiv\/wp-content\/uploads\/2022\/06\/Cermakova6-845x563.jpg 845w, https:\/\/photography.famu.cz\/archiv\/wp-content\/uploads\/2022\/06\/Cermakova6.jpg 1500w\" sizes=\"(max-width: 300px) 100vw, 300px\" \/><\/a><\/p>\n"},"caption":{"rendered":"<p>Uk\u00e1zka z instalace  \u010cerm\u00e1kov\u00e1<\/p>\n"},"alt_text":"","media_type":"image","mime_type":"image\/jpeg","media_details":{"width":1500,"height":1000,"file":"2022\/06\/Cermakova6.jpg","sizes":{"thumbnail":{"file":"Cermakova6-150x150.jpg","width":150,"height":150,"mime_type":"image\/jpeg","source_url":"https:\/\/photography.famu.cz\/archiv\/wp-content\/uploads\/2022\/06\/Cermakova6-150x150.jpg"},"medium":{"file":"Cermakova6-300x200.jpg","width":300,"height":200,"mime_type":"image\/jpeg","source_url":"https:\/\/photography.famu.cz\/archiv\/wp-content\/uploads\/2022\/06\/Cermakova6-300x200.jpg"},"large":{"file":"Cermakova6-845x563.jpg","width":845,"height":563,"mime_type":"image\/jpeg","source_url":"https:\/\/photography.famu.cz\/archiv\/wp-content\/uploads\/2022\/06\/Cermakova6-845x563.jpg"},"post-thumbnail":{"file":"Cermakova6-825x510.jpg","width":825,"height":510,"mime_type":"image\/jpeg","source_url":"https:\/\/photography.famu.cz\/archiv\/wp-content\/uploads\/2022\/06\/Cermakova6-825x510.jpg"},"full":{"file":"Cermakova6.jpg","width":1500,"height":1000,"mime_type":"image\/jpeg","source_url":"https:\/\/photography.famu.cz\/archiv\/wp-content\/uploads\/2022\/06\/Cermakova6.jpg"}},"image_meta":{"aperture":10,"credit":"Tom\u00e1\u0161 Sou\u010dek","camera":"Canon EOS 5D Mark II","caption":"","created_timestamp":1632152027,"copyright":"Tom\u00e1\u0161 Sou\u010dek","focal_length":"70","iso":"200","shutter_speed":"1.3","title":"","orientation":1}},"post":3858,"source_url":"https:\/\/photography.famu.cz\/archiv\/wp-content\/uploads\/2022\/06\/Cermakova6.jpg","_links":{"self":[{"href":"https:\/\/photography.famu.cz\/archiv\/index.php?rest_route=\/wp\/v2\/media\/3904"}],"collection":[{"href":"https:\/\/photography.famu.cz\/archiv\/index.php?rest_route=\/wp\/v2\/media"}],"about":[{"href":"https:\/\/photography.famu.cz\/archiv\/index.php?rest_route=\/wp\/v2\/types\/attachment"}],"author":[{"embeddable":true,"href":"https:\/\/photography.famu.cz\/archiv\/index.php?rest_route=\/wp\/v2\/users\/1"}],"replies":[{"embeddable":true,"href":"https:\/\/photography.famu.cz\/archiv\/index.php?rest_route=%2Fwp%2Fv2%2Fcomments&post=3904"}]}}

<p>Ukázka z instalace  Čermáková</p>

Tomáš Souček
