{"id":3925,"date":"2022-06-05T15:23:39","date_gmt":"2022-06-05T14:23:39","guid":{"rendered":"http:\/\/foto.amu.cz\/archiv\/wp-content\/uploads\/2022\/06\/Ji3.jpg"},"modified":"2022-06-05T15:24:27","modified_gmt":"2022-06-05T14:24:27","slug":"ji3","status":"inherit","type":"attachment","link":"https:\/\/photography.famu.cz\/archiv\/?attachment_id=3925","title":{"rendered":"Ji3"},"author":1,"comment_status":"closed","ping_status":"closed","template":"","meta":[],"description":{"rendered":"<p class=\"attachment\"><a href='https:\/\/photography.famu.cz\/archiv\/wp-content\/uploads\/2022\/06\/Ji3.jpg'><img loading=\"lazy\" decoding=\"async\" width=\"300\" height=\"200\" src=\"https:\/\/photography.famu.cz\/archiv\/wp-content\/uploads\/2022\/06\/Ji3-300x200.jpg\" class=\"attachment-medium size-medium\" alt=\"\" srcset=\"https:\/\/photography.famu.cz\/archiv\/wp-content\/uploads\/2022\/06\/Ji3-300x200.jpg 300w, https:\/\/photography.famu.cz\/archiv\/wp-content\/uploads\/2022\/06\/Ji3-845x563.jpg 845w, https:\/\/photography.famu.cz\/archiv\/wp-content\/uploads\/2022\/06\/Ji3.jpg 1500w\" sizes=\"(max-width: 300px) 100vw, 300px\" \/><\/a><\/p>\n"},"caption":{"rendered":"<p>Ji uk\u00e1zka instalace<\/p>\n"},"alt_text":"","media_type":"image","mime_type":"image\/jpeg","media_details":{"width":1500,"height":1000,"file":"2022\/06\/Ji3.jpg","sizes":{"thumbnail":{"file":"Ji3-150x150.jpg","width":150,"height":150,"mime_type":"image\/jpeg","source_url":"https:\/\/photography.famu.cz\/archiv\/wp-content\/uploads\/2022\/06\/Ji3-150x150.jpg"},"medium":{"file":"Ji3-300x200.jpg","width":300,"height":200,"mime_type":"image\/jpeg","source_url":"https:\/\/photography.famu.cz\/archiv\/wp-content\/uploads\/2022\/06\/Ji3-300x200.jpg"},"large":{"file":"Ji3-845x563.jpg","width":845,"height":563,"mime_type":"image\/jpeg","source_url":"https:\/\/photography.famu.cz\/archiv\/wp-content\/uploads\/2022\/06\/Ji3-845x563.jpg"},"post-thumbnail":{"file":"Ji3-825x510.jpg","width":825,"height":510,"mime_type":"image\/jpeg","source_url":"https:\/\/photography.famu.cz\/archiv\/wp-content\/uploads\/2022\/06\/Ji3-825x510.jpg"},"full":{"file":"Ji3.jpg","width":1500,"height":1000,"mime_type":"image\/jpeg","source_url":"https:\/\/photography.famu.cz\/archiv\/wp-content\/uploads\/2022\/06\/Ji3.jpg"}},"image_meta":{"aperture":14,"credit":"Tom\u00e1\u0161 Sou\u010dek","camera":"Canon EOS 5D Mark II","caption":"","created_timestamp":1632144154,"copyright":"Tom\u00e1\u0161 Sou\u010dek","focal_length":"35","iso":"640","shutter_speed":"0.4","title":"","orientation":1}},"post":3868,"source_url":"https:\/\/photography.famu.cz\/archiv\/wp-content\/uploads\/2022\/06\/Ji3.jpg","_links":{"self":[{"href":"https:\/\/photography.famu.cz\/archiv\/index.php?rest_route=\/wp\/v2\/media\/3925"}],"collection":[{"href":"https:\/\/photography.famu.cz\/archiv\/index.php?rest_route=\/wp\/v2\/media"}],"about":[{"href":"https:\/\/photography.famu.cz\/archiv\/index.php?rest_route=\/wp\/v2\/types\/attachment"}],"author":[{"embeddable":true,"href":"https:\/\/photography.famu.cz\/archiv\/index.php?rest_route=\/wp\/v2\/users\/1"}],"replies":[{"embeddable":true,"href":"https:\/\/photography.famu.cz\/archiv\/index.php?rest_route=%2Fwp%2Fv2%2Fcomments&post=3925"}]}}

<p>Ji ukázka instalace</p>

Tomáš Souček
