{"id":3928,"date":"2022-06-05T15:29:58","date_gmt":"2022-06-05T14:29:58","guid":{"rendered":"http:\/\/foto.amu.cz\/archiv\/wp-content\/uploads\/2022\/06\/Tolja.jpg"},"modified":"2022-06-05T15:30:38","modified_gmt":"2022-06-05T14:30:38","slug":"tolja","status":"inherit","type":"attachment","link":"https:\/\/photography.famu.cz\/archiv\/?attachment_id=3928","title":{"rendered":"Tolja"},"author":1,"comment_status":"closed","ping_status":"closed","template":"","meta":[],"description":{"rendered":"<p class=\"attachment\"><a href='https:\/\/photography.famu.cz\/archiv\/wp-content\/uploads\/2022\/06\/Tolja.jpg'><img loading=\"lazy\" decoding=\"async\" width=\"200\" height=\"300\" src=\"https:\/\/photography.famu.cz\/archiv\/wp-content\/uploads\/2022\/06\/Tolja-200x300.jpg\" class=\"attachment-medium size-medium\" alt=\"\" srcset=\"https:\/\/photography.famu.cz\/archiv\/wp-content\/uploads\/2022\/06\/Tolja-200x300.jpg 200w, https:\/\/photography.famu.cz\/archiv\/wp-content\/uploads\/2022\/06\/Tolja-683x1024.jpg 683w, https:\/\/photography.famu.cz\/archiv\/wp-content\/uploads\/2022\/06\/Tolja.jpg 1000w\" sizes=\"(max-width: 200px) 100vw, 200px\" \/><\/a><\/p>\n"},"caption":{"rendered":"<p>Tolja uk\u00e1zka instalace<\/p>\n"},"alt_text":"","media_type":"image","mime_type":"image\/jpeg","media_details":{"width":1000,"height":1500,"file":"2022\/06\/Tolja.jpg","sizes":{"thumbnail":{"file":"Tolja-150x150.jpg","width":150,"height":150,"mime_type":"image\/jpeg","source_url":"https:\/\/photography.famu.cz\/archiv\/wp-content\/uploads\/2022\/06\/Tolja-150x150.jpg"},"medium":{"file":"Tolja-200x300.jpg","width":200,"height":300,"mime_type":"image\/jpeg","source_url":"https:\/\/photography.famu.cz\/archiv\/wp-content\/uploads\/2022\/06\/Tolja-200x300.jpg"},"large":{"file":"Tolja-683x1024.jpg","width":683,"height":1024,"mime_type":"image\/jpeg","source_url":"https:\/\/photography.famu.cz\/archiv\/wp-content\/uploads\/2022\/06\/Tolja-683x1024.jpg"},"post-thumbnail":{"file":"Tolja-825x510.jpg","width":825,"height":510,"mime_type":"image\/jpeg","source_url":"https:\/\/photography.famu.cz\/archiv\/wp-content\/uploads\/2022\/06\/Tolja-825x510.jpg"},"full":{"file":"Tolja.jpg","width":1000,"height":1500,"mime_type":"image\/jpeg","source_url":"https:\/\/photography.famu.cz\/archiv\/wp-content\/uploads\/2022\/06\/Tolja.jpg"}},"image_meta":{"aperture":13,"credit":"Tom\u00e1\u0161 Sou\u010dek","camera":"Canon EOS 6D","caption":"","created_timestamp":1625728577,"copyright":"Tom\u00e1\u0161 Sou\u010dek","focal_length":"24","iso":"100","shutter_speed":"0.8","title":"","orientation":1}},"post":3856,"source_url":"https:\/\/photography.famu.cz\/archiv\/wp-content\/uploads\/2022\/06\/Tolja.jpg","_links":{"self":[{"href":"https:\/\/photography.famu.cz\/archiv\/index.php?rest_route=\/wp\/v2\/media\/3928"}],"collection":[{"href":"https:\/\/photography.famu.cz\/archiv\/index.php?rest_route=\/wp\/v2\/media"}],"about":[{"href":"https:\/\/photography.famu.cz\/archiv\/index.php?rest_route=\/wp\/v2\/types\/attachment"}],"author":[{"embeddable":true,"href":"https:\/\/photography.famu.cz\/archiv\/index.php?rest_route=\/wp\/v2\/users\/1"}],"replies":[{"embeddable":true,"href":"https:\/\/photography.famu.cz\/archiv\/index.php?rest_route=%2Fwp%2Fv2%2Fcomments&post=3928"}]}}

<p>Tolja ukázka instalace</p>

Tomáš Souček
