{"id":3974,"date":"2022-06-05T20:11:49","date_gmt":"2022-06-05T19:11:49","guid":{"rendered":"http:\/\/foto.amu.cz\/archiv\/wp-content\/uploads\/2022\/06\/Liu.jpg"},"modified":"2022-06-05T20:12:44","modified_gmt":"2022-06-05T19:12:44","slug":"liu","status":"inherit","type":"attachment","link":"https:\/\/photography.famu.cz\/archiv\/?attachment_id=3974","title":{"rendered":"Liu"},"author":1,"comment_status":"closed","ping_status":"closed","template":"","meta":[],"description":{"rendered":"<p class=\"attachment\"><a href='https:\/\/photography.famu.cz\/archiv\/wp-content\/uploads\/2022\/06\/Liu.jpg'><img loading=\"lazy\" decoding=\"async\" width=\"300\" height=\"200\" src=\"https:\/\/photography.famu.cz\/archiv\/wp-content\/uploads\/2022\/06\/Liu-300x200.jpg\" class=\"attachment-medium size-medium\" alt=\"\" srcset=\"https:\/\/photography.famu.cz\/archiv\/wp-content\/uploads\/2022\/06\/Liu-300x200.jpg 300w, https:\/\/photography.famu.cz\/archiv\/wp-content\/uploads\/2022\/06\/Liu-845x563.jpg 845w, https:\/\/photography.famu.cz\/archiv\/wp-content\/uploads\/2022\/06\/Liu.jpg 1500w\" sizes=\"(max-width: 300px) 100vw, 300px\" \/><\/a><\/p>\n"},"caption":{"rendered":"<p>Liu uk\u00e1zka prac\u00ed a instalace 1<\/p>\n"},"alt_text":"","media_type":"image","mime_type":"image\/jpeg","media_details":{"width":1500,"height":1000,"file":"2022\/06\/Liu.jpg","sizes":{"thumbnail":{"file":"Liu-150x150.jpg","width":150,"height":150,"mime_type":"image\/jpeg","source_url":"https:\/\/photography.famu.cz\/archiv\/wp-content\/uploads\/2022\/06\/Liu-150x150.jpg"},"medium":{"file":"Liu-300x200.jpg","width":300,"height":200,"mime_type":"image\/jpeg","source_url":"https:\/\/photography.famu.cz\/archiv\/wp-content\/uploads\/2022\/06\/Liu-300x200.jpg"},"large":{"file":"Liu-845x563.jpg","width":845,"height":563,"mime_type":"image\/jpeg","source_url":"https:\/\/photography.famu.cz\/archiv\/wp-content\/uploads\/2022\/06\/Liu-845x563.jpg"},"post-thumbnail":{"file":"Liu-825x510.jpg","width":825,"height":510,"mime_type":"image\/jpeg","source_url":"https:\/\/photography.famu.cz\/archiv\/wp-content\/uploads\/2022\/06\/Liu-825x510.jpg"},"full":{"file":"Liu.jpg","width":1500,"height":1000,"mime_type":"image\/jpeg","source_url":"https:\/\/photography.famu.cz\/archiv\/wp-content\/uploads\/2022\/06\/Liu.jpg"}},"image_meta":{"aperture":13,"credit":"Tom\u00e1\u0161 Sou\u010dek","camera":"Canon EOS 6D","caption":"","created_timestamp":1625727658,"copyright":"Tom\u00e1\u0161 Sou\u010dek","focal_length":"24","iso":"100","shutter_speed":"0.8","title":"","orientation":1}},"post":3878,"source_url":"https:\/\/photography.famu.cz\/archiv\/wp-content\/uploads\/2022\/06\/Liu.jpg","_links":{"self":[{"href":"https:\/\/photography.famu.cz\/archiv\/index.php?rest_route=\/wp\/v2\/media\/3974"}],"collection":[{"href":"https:\/\/photography.famu.cz\/archiv\/index.php?rest_route=\/wp\/v2\/media"}],"about":[{"href":"https:\/\/photography.famu.cz\/archiv\/index.php?rest_route=\/wp\/v2\/types\/attachment"}],"author":[{"embeddable":true,"href":"https:\/\/photography.famu.cz\/archiv\/index.php?rest_route=\/wp\/v2\/users\/1"}],"replies":[{"embeddable":true,"href":"https:\/\/photography.famu.cz\/archiv\/index.php?rest_route=%2Fwp%2Fv2%2Fcomments&post=3974"}]}}

<p>Liu ukázka prací a instalace 1</p>

Tomáš Souček
