{"id":4035,"date":"2022-07-13T15:13:28","date_gmt":"2022-07-13T14:13:28","guid":{"rendered":"http:\/\/foto.amu.cz\/archiv\/wp-content\/uploads\/2022\/07\/3_Lenka-Jan\u00ed\u010dkov\u00e1.jpg"},"modified":"2022-07-13T15:14:47","modified_gmt":"2022-07-13T14:14:47","slug":"3_lenka-janickova","status":"inherit","type":"attachment","link":"https:\/\/photography.famu.cz\/archiv\/?attachment_id=4035","title":{"rendered":"3_Lenka Jan\u00ed\u010dkov\u00e1"},"author":1,"comment_status":"closed","ping_status":"closed","template":"","meta":[],"description":{"rendered":"<p class=\"attachment\"><a href='https:\/\/photography.famu.cz\/archiv\/wp-content\/uploads\/2022\/07\/3_Lenka-Jan\u00ed\u010dkov\u00e1.jpg'><img loading=\"lazy\" decoding=\"async\" width=\"300\" height=\"200\" src=\"https:\/\/photography.famu.cz\/archiv\/wp-content\/uploads\/2022\/07\/3_Lenka-Jan\u00ed\u010dkov\u00e1-300x200.jpg\" class=\"attachment-medium size-medium\" alt=\"\" srcset=\"https:\/\/photography.famu.cz\/archiv\/wp-content\/uploads\/2022\/07\/3_Lenka-Jan\u00ed\u010dkov\u00e1-300x200.jpg 300w, https:\/\/photography.famu.cz\/archiv\/wp-content\/uploads\/2022\/07\/3_Lenka-Jan\u00ed\u010dkov\u00e1-845x564.jpg 845w, https:\/\/photography.famu.cz\/archiv\/wp-content\/uploads\/2022\/07\/3_Lenka-Jan\u00ed\u010dkov\u00e1.jpg 1600w\" sizes=\"(max-width: 300px) 100vw, 300px\" \/><\/a><\/p>\n"},"caption":{"rendered":"<p>uk\u00e1zka z instalace3<\/p>\n"},"alt_text":"","media_type":"image","mime_type":"image\/jpeg","media_details":{"width":1600,"height":1067,"file":"2022\/07\/3_Lenka-Jan\u00ed\u010dkov\u00e1.jpg","sizes":{"thumbnail":{"file":"3_Lenka-Jan\u00ed\u010dkov\u00e1-150x150.jpg","width":150,"height":150,"mime_type":"image\/jpeg","source_url":"https:\/\/photography.famu.cz\/archiv\/wp-content\/uploads\/2022\/07\/3_Lenka-Jan\u00ed\u010dkov\u00e1-150x150.jpg"},"medium":{"file":"3_Lenka-Jan\u00ed\u010dkov\u00e1-300x200.jpg","width":300,"height":200,"mime_type":"image\/jpeg","source_url":"https:\/\/photography.famu.cz\/archiv\/wp-content\/uploads\/2022\/07\/3_Lenka-Jan\u00ed\u010dkov\u00e1-300x200.jpg"},"large":{"file":"3_Lenka-Jan\u00ed\u010dkov\u00e1-845x564.jpg","width":845,"height":564,"mime_type":"image\/jpeg","source_url":"https:\/\/photography.famu.cz\/archiv\/wp-content\/uploads\/2022\/07\/3_Lenka-Jan\u00ed\u010dkov\u00e1-845x564.jpg"},"post-thumbnail":{"file":"3_Lenka-Jan\u00ed\u010dkov\u00e1-825x510.jpg","width":825,"height":510,"mime_type":"image\/jpeg","source_url":"https:\/\/photography.famu.cz\/archiv\/wp-content\/uploads\/2022\/07\/3_Lenka-Jan\u00ed\u010dkov\u00e1-825x510.jpg"},"full":{"file":"3_Lenka-Jan\u00ed\u010dkov\u00e1.jpg","width":1600,"height":1067,"mime_type":"image\/jpeg","source_url":"https:\/\/photography.famu.cz\/archiv\/wp-content\/uploads\/2022\/07\/3_Lenka-Jan\u00ed\u010dkov\u00e1.jpg"}},"image_meta":{"aperture":22,"credit":"","camera":"Canon EOS 5D Mark IV","caption":"","created_timestamp":1655565481,"copyright":"","focal_length":"17","iso":"100","shutter_speed":"1.3","title":"","orientation":1}},"post":4032,"source_url":"https:\/\/photography.famu.cz\/archiv\/wp-content\/uploads\/2022\/07\/3_Lenka-Jan\u00ed\u010dkov\u00e1.jpg","_links":{"self":[{"href":"https:\/\/photography.famu.cz\/archiv\/index.php?rest_route=\/wp\/v2\/media\/4035"}],"collection":[{"href":"https:\/\/photography.famu.cz\/archiv\/index.php?rest_route=\/wp\/v2\/media"}],"about":[{"href":"https:\/\/photography.famu.cz\/archiv\/index.php?rest_route=\/wp\/v2\/types\/attachment"}],"author":[{"embeddable":true,"href":"https:\/\/photography.famu.cz\/archiv\/index.php?rest_route=\/wp\/v2\/users\/1"}],"replies":[{"embeddable":true,"href":"https:\/\/photography.famu.cz\/archiv\/index.php?rest_route=%2Fwp%2Fv2%2Fcomments&post=4035"}]}}

http://foto.amu.cz/archiv/wp-content/uploads/2022/07/3_Lenka-Janíčková.jpg

3_Lenka Janíčková

<p class="attachment"><a href='https://photography.famu.cz/archiv/wp-content/uploads/2022/07/3_Lenka-Janíčková.jpg'><img loading="lazy" decoding="async" width="300" height="200" src="https://photography.famu.cz/archiv/wp-content/uploads/2022/07/3_Lenka-Janíčková-300x200.jpg" class="attachment-medium size-medium" alt="" srcset="https://photography.famu.cz/archiv/wp-content/uploads/2022/07/3_Lenka-Janíčková-300x200.jpg 300w, https://photography.famu.cz/archiv/wp-content/uploads/2022/07/3_Lenka-Janíčková-845x564.jpg 845w, https://photography.famu.cz/archiv/wp-content/uploads/2022/07/3_Lenka-Janíčková.jpg 1600w" sizes="(max-width: 300px) 100vw, 300px" /></a></p>

<p>ukázka z instalace3</p>

2022/07/3_Lenka-Janíčková.jpg

3_Lenka-Janíčková-150x150.jpg

https://photography.famu.cz/archiv/wp-content/uploads/2022/07/3_Lenka-Janíčková-150x150.jpg

3_Lenka-Janíčková-300x200.jpg

https://photography.famu.cz/archiv/wp-content/uploads/2022/07/3_Lenka-Janíčková-300x200.jpg

3_Lenka-Janíčková-845x564.jpg

https://photography.famu.cz/archiv/wp-content/uploads/2022/07/3_Lenka-Janíčková-845x564.jpg

3_Lenka-Janíčková-825x510.jpg

https://photography.famu.cz/archiv/wp-content/uploads/2022/07/3_Lenka-Janíčková-825x510.jpg

3_Lenka-Janíčková.jpg

https://photography.famu.cz/archiv/wp-content/uploads/2022/07/3_Lenka-Janíčková.jpg
