{"id":4185,"date":"2022-11-03T22:51:06","date_gmt":"2022-11-03T21:51:06","guid":{"rendered":"http:\/\/foto.amu.cz\/archiv\/wp-content\/uploads\/2022\/11\/19B_Ji\u0159\u00ed-Proch\u00e1zka.jpg"},"modified":"2022-11-03T22:51:40","modified_gmt":"2022-11-03T21:51:40","slug":"19b_jiri-prochazka","status":"inherit","type":"attachment","link":"https:\/\/photography.famu.cz\/archiv\/?attachment_id=4185","title":{"rendered":"19B_Ji\u0159\u00ed Proch\u00e1zka"},"author":1,"comment_status":"closed","ping_status":"closed","template":"","meta":[],"description":{"rendered":"<p class=\"attachment\"><a href='https:\/\/photography.famu.cz\/archiv\/wp-content\/uploads\/2022\/11\/19B_Ji\u0159\u00ed-Proch\u00e1zka.jpg'><img loading=\"lazy\" decoding=\"async\" width=\"300\" height=\"245\" src=\"https:\/\/photography.famu.cz\/archiv\/wp-content\/uploads\/2022\/11\/19B_Ji\u0159\u00ed-Proch\u00e1zka-300x245.jpg\" class=\"attachment-medium size-medium\" alt=\"\" srcset=\"https:\/\/photography.famu.cz\/archiv\/wp-content\/uploads\/2022\/11\/19B_Ji\u0159\u00ed-Proch\u00e1zka-300x245.jpg 300w, https:\/\/photography.famu.cz\/archiv\/wp-content\/uploads\/2022\/11\/19B_Ji\u0159\u00ed-Proch\u00e1zka-845x690.jpg 845w, https:\/\/photography.famu.cz\/archiv\/wp-content\/uploads\/2022\/11\/19B_Ji\u0159\u00ed-Proch\u00e1zka.jpg 1100w\" sizes=\"(max-width: 300px) 100vw, 300px\" \/><\/a><\/p>\n"},"caption":{"rendered":"<p>uk\u00e1zka z instalace<\/p>\n"},"alt_text":"","media_type":"image","mime_type":"image\/jpeg","media_details":{"width":1100,"height":898,"file":"2022\/11\/19B_Ji\u0159\u00ed-Proch\u00e1zka.jpg","sizes":{"thumbnail":{"file":"19B_Ji\u0159\u00ed-Proch\u00e1zka-150x150.jpg","width":150,"height":150,"mime_type":"image\/jpeg","source_url":"https:\/\/photography.famu.cz\/archiv\/wp-content\/uploads\/2022\/11\/19B_Ji\u0159\u00ed-Proch\u00e1zka-150x150.jpg"},"medium":{"file":"19B_Ji\u0159\u00ed-Proch\u00e1zka-300x245.jpg","width":300,"height":245,"mime_type":"image\/jpeg","source_url":"https:\/\/photography.famu.cz\/archiv\/wp-content\/uploads\/2022\/11\/19B_Ji\u0159\u00ed-Proch\u00e1zka-300x245.jpg"},"large":{"file":"19B_Ji\u0159\u00ed-Proch\u00e1zka-845x690.jpg","width":845,"height":690,"mime_type":"image\/jpeg","source_url":"https:\/\/photography.famu.cz\/archiv\/wp-content\/uploads\/2022\/11\/19B_Ji\u0159\u00ed-Proch\u00e1zka-845x690.jpg"},"post-thumbnail":{"file":"19B_Ji\u0159\u00ed-Proch\u00e1zka-825x510.jpg","width":825,"height":510,"mime_type":"image\/jpeg","source_url":"https:\/\/photography.famu.cz\/archiv\/wp-content\/uploads\/2022\/11\/19B_Ji\u0159\u00ed-Proch\u00e1zka-825x510.jpg"},"full":{"file":"19B_Ji\u0159\u00ed-Proch\u00e1zka.jpg","width":1100,"height":898,"mime_type":"image\/jpeg","source_url":"https:\/\/photography.famu.cz\/archiv\/wp-content\/uploads\/2022\/11\/19B_Ji\u0159\u00ed-Proch\u00e1zka.jpg"}},"image_meta":{"aperture":7.1,"credit":"","camera":"Canon EOS 5D Mark IV","caption":"","created_timestamp":1655390084,"copyright":"","focal_length":"47","iso":"2500","shutter_speed":"0.004","title":"","orientation":1}},"post":4181,"source_url":"https:\/\/photography.famu.cz\/archiv\/wp-content\/uploads\/2022\/11\/19B_Ji\u0159\u00ed-Proch\u00e1zka.jpg","_links":{"self":[{"href":"https:\/\/photography.famu.cz\/archiv\/index.php?rest_route=\/wp\/v2\/media\/4185"}],"collection":[{"href":"https:\/\/photography.famu.cz\/archiv\/index.php?rest_route=\/wp\/v2\/media"}],"about":[{"href":"https:\/\/photography.famu.cz\/archiv\/index.php?rest_route=\/wp\/v2\/types\/attachment"}],"author":[{"embeddable":true,"href":"https:\/\/photography.famu.cz\/archiv\/index.php?rest_route=\/wp\/v2\/users\/1"}],"replies":[{"embeddable":true,"href":"https:\/\/photography.famu.cz\/archiv\/index.php?rest_route=%2Fwp%2Fv2%2Fcomments&post=4185"}]}}

http://foto.amu.cz/archiv/wp-content/uploads/2022/11/19B_Jiří-Procházka.jpg

19B_Jiří Procházka

<p class="attachment"><a href='https://photography.famu.cz/archiv/wp-content/uploads/2022/11/19B_Jiří-Procházka.jpg'><img loading="lazy" decoding="async" width="300" height="245" src="https://photography.famu.cz/archiv/wp-content/uploads/2022/11/19B_Jiří-Procházka-300x245.jpg" class="attachment-medium size-medium" alt="" srcset="https://photography.famu.cz/archiv/wp-content/uploads/2022/11/19B_Jiří-Procházka-300x245.jpg 300w, https://photography.famu.cz/archiv/wp-content/uploads/2022/11/19B_Jiří-Procházka-845x690.jpg 845w, https://photography.famu.cz/archiv/wp-content/uploads/2022/11/19B_Jiří-Procházka.jpg 1100w" sizes="(max-width: 300px) 100vw, 300px" /></a></p>

<p>ukázka z instalace</p>

2022/11/19B_Jiří-Procházka.jpg

19B_Jiří-Procházka-150x150.jpg

https://photography.famu.cz/archiv/wp-content/uploads/2022/11/19B_Jiří-Procházka-150x150.jpg

19B_Jiří-Procházka-300x245.jpg

https://photography.famu.cz/archiv/wp-content/uploads/2022/11/19B_Jiří-Procházka-300x245.jpg

19B_Jiří-Procházka-845x690.jpg

https://photography.famu.cz/archiv/wp-content/uploads/2022/11/19B_Jiří-Procházka-845x690.jpg

19B_Jiří-Procházka-825x510.jpg

https://photography.famu.cz/archiv/wp-content/uploads/2022/11/19B_Jiří-Procházka-825x510.jpg

19B_Jiří-Procházka.jpg

https://photography.famu.cz/archiv/wp-content/uploads/2022/11/19B_Jiří-Procházka.jpg
